y(k) = -k**2 - k + 7. Suppose -2*u = -3*u - 2, -u - 2 = -4*z. Let f be y(z). Suppose 3*m + f = 19. List the prime factors of m.
2
Let y(v) = v**2 + 10*v + 2. Let p be y(-10). Suppose -2*a - z + 7 = 0, 0 = -5*a - p*z - 3*z + 20. Let f(s) = s + 2. What are the prime factors of f(a)?
5
Let h(b) = -b**2 + 9*b + 8. Let x be h(6). Suppose 10 = -c + x. List the prime factors of c.
2
Let p(r) be the second derivative of r**3/6 - r**2/2 + 3*r. Let b be p(-2). Let c(h) = h**3 + 5*h**2 + 4*h + 4. What are the prime factors of c(b)?
2, 5
Suppose -27 = -b + 16. List the prime factors of b.
43
Suppose 9*n + 2 = 10*n. Suppose -2*i = 2*i - 2*l - 10, -3*l - 5 = -4*i. Let p = i + n. What are the prime factors of p?
7
Let n = 70 + -26. Suppose h = 4*c - 140, n = c - 0*h + 2*h. Suppose 4*l - c = -4*u, 4*u - 42 = -3*l + l. What are the prime factors of u?
2, 3
Let d be (3/1)/(2 - 1). Let a(t) = d*t**2 + 0 + 2 + 0*t**2 - t**3. List the prime factors of a(2).
2, 3
Let f = 7 - -29. Suppose 5*h + 89 = -41. Let r = h + f. What are the prime factors of r?
2, 5
Let x = -2 + 2. Suppose 4*q + x = 12. Suppose 24 = q*k - 0*k. List the prime factors of k.
2
Let g(d) = -d**3 + 7*d**2 - 5*d - 1. Let j be g(5). Let n = -6 + j. What are the prime factors of n?
2, 3
List the prime factors of 0/(1 + 5) - -245.
5, 7
Let f = -5 + 7. What are the prime factors of f/(-4) + 105/6?
17
Suppose 0 = 6*p - p - 45. Suppose -2*l = -d - p, -21 + 6 = -2*l + 3*d. List the prime factors of 26/l + (-2)/(-6).
3
Suppose 2*p - 60 - 12 = -3*f, -p + 96 = 4*f. Let h = f - 14. List the prime factors of h.
2, 5
List the prime factors of 34 - (-2 - (-6 - -3)).
3, 11
Let i(v) = v**3 - 11*v**2 - 12*v + 3. Let r be i(12). Suppose -r*f + t + 99 = 0, 2*f + 2*t - 50 = 24. List the prime factors of f.
2, 17
Suppose -3*n + 2*n = -6. Let a = n + 0. List the prime factors of a.
2, 3
Suppose -4*h - l - 115 = h, h - l = -23. Let c be (-34 - 1)/(-1 + 0). Let d = c + h. What are the prime factors of d?
2, 3
Suppose 2*o - 19 = 3*v, -2*o = -7*o + v + 80. List the prime factors of o.
17
Let l(y) = 2*y**3 + 5*y**2 - 3*y + 1. Let m be l(-4). Let s = m + 50. List the prime factors of s.
3, 5
Let k = 13 + -8. Suppose 57 = -2*c + k*c. What are the prime factors of c?
19
Suppose -3*k = 0, -o = -3*o + 2*k - 10. Let r = o - -5. Let v = r - -12. List the prime factors of v.
2, 3
Let c be (1 + 2 + -3)/(-2). Let d = c - -4. What are the prime factors of 6/4 + 38/d?
11
Let j(b) = b**3 - 6*b**2 - 6*b - 5. Let z be j(7). Suppose -r + 22 = -z*d, -2*r + 0*d + 32 = -d. List the prime factors of r.
2, 7
Let b be (-135)/(-18)*-1*2. List the prime factors of (82/5)/((-6)/b).
41
What are the prime factors of 1564/12 - (-10)/15?
131
Let p(s) = -4*s**3 + 4*s**2 - 3*s. Let h be p(2). Let l = 20 + -33. Let y = l - h. What are the prime factors of y?
3
Suppose 2 = -2*p + 6. Let y(i) = -2 - 4*i**2 + p*i**2 - 4*i + 0*i**3 - i**3. List the prime factors of y(-2).
2, 3
Let n be (10/(-4) - -3)*-6. Let m(w) = w**3 + 2*w**2 - 5*w - 2. List the prime factors of m(n).
2
Suppose -5*k + 459 + 116 = 0. What are the prime factors of k?
5, 23
Suppose 0 = -3*q - 2*q + 50. Suppose 4 = -i + q. What are the prime factors of i?
2, 3
Let n(c) = c**2 - 11*c + 7. List the prime factors of n(14).
7
Let z = -26 + 16. Let i be 4/((-24)/z)*3. Suppose -4*y - i*k + 70 = 0, 4*y + k - 41 = 21. What are the prime factors of y?
3, 5
Suppose u - 4*o = -87, 3*u + 2*o - 89 = 4*u. List the prime factors of 346/14 - 26/u.
5
Suppose 2 = 2*n - 0*n. Suppose 8 = b - n. Let o(y) = 2*y - 12. List the prime factors of o(b).
2, 3
Let f(z) = z**3 + 10*z**2 + 4*z - 21. What are the prime factors of f(-9)?
2, 3
What are the prime factors of (0 + 3)*(-84)/(-36)?
7
Let j = 10 + -4. List the prime factors of -1*14*(-9)/j.
3, 7
Let g(c) = c**3 - 11*c**2 + c - 1. What are the prime factors of g(11)?
2, 5
Suppose -18 = -4*z + 2. Let g(m) = -m**3 + 6*m**2 - 4*m - 2. List the prime factors of g(z).
3
Let w = 14 - 8. Let b = 10 - w. Suppose -2 - 6 = -b*k. List the prime factors of k.
2
Let c(s) = -s - 7. Let h be c(3). Let u = h + 15. What are the prime factors of u?
5
List the prime factors of -1*(204/1)/(-4).
3, 17
Let s = 4 - 3. Suppose 3*z = 2*m - s - 27, 2*m - 30 = 4*z. What are the prime factors of m?
11
Suppose 5*w - 3*r - 834 = 33, 872 = 5*w + 2*r. What are the prime factors of w?
2, 3, 29
Let y(w) be the third derivative of w**4/8 + w**3/6 - w**2. Let v be y(3). Suppose 3*p - 6*m + m - 38 = 0, p - m - v = 0. What are the prime factors of p?
2, 3
Suppose -5*r - 207 = 4*l, -l + 6*l + 260 = -5*r. Let i = l - -76. What are the prime factors of i?
23
Let j = 13 - -103. Suppose 7*b - 3*b - j = 0. What are the prime factors of b?
29
Let m(z) = 2*z - 11. Let v be m(8). Suppose 3*i - 7*i - 5 = -3*r, 0 = -v*r + 5*i. Let n = r + 16. What are the prime factors of n?
11
Suppose -3*o + 7 = p, 3*p + 3 = -5*o + 4. Let g be 2/(2/19*-1). Let s = p - g. What are the prime factors of s?
11
What are the prime factors of 494/3 - 48/(-36)?
2, 83
Suppose 2*c - c = 2. Suppose 0 = c*v - 0*v - 32. List the prime factors of (v/10)/((-1)/(-5)).
2
Let f(b) = b + 7. Let a be f(-6). Let h(c) = 5*c**3 - 2*c**2 + 1. Let d be h(a). List the prime factors of (-30)/(-4)*d/6.
5
Let v(y) = -3*y - 4. Suppose 2*c + r + 11 = -0*c, 0 = 2*c - 2*r - 4. Let i be v(c). Let s = i + -3. List the prime factors of s.
2
Let x(j) = j**2 + j - 1. Let a be x(2). Suppose 2*w + a*u = 25, 0*w + 19 = 5*w - 2*u. List the prime factors of w.
5
Let w(f) = 16*f**2 - f + 2. List the prime factors of w(1).
17
Let v = 0 + -4. Let z be 1*-1 + (v - -4). List the prime factors of 9 + (3/z)/3.
2
Let r = -97 + 142. List the prime factors of r.
3, 5
Suppose 23 = 4*h + 5*v, -7 = 3*h - 5*v + 2. Suppose h*g - 5*g = -12. Suppose 3*f - 19 = -g. List the prime factors of f.
5
Let d(t) = 3*t**2 - 4*t - 3. What are the prime factors of d(6)?
3
Let v(w) = -w**3 - 10*w**2 - 2*w - 1. List the prime factors of v(-10).
19
Let v be (6/4)/(8/(-80)). What are the prime factors of (3 - 0) + (-6 - v)?
2, 3
Suppose -2*u - 3*u + 5 = 0. Let n = 4 - u. What are the prime factors of n?
3
Suppose -w = 3 + 6. Let p = 13 + w. List the prime factors of p.
2
List the prime factors of (-1718)/(-8) - (0 + (-3)/12).
5, 43
Suppose n - 18 = -5*h, -3*n - 10 = -h - 0*h. Suppose -h*r + r = -24. What are the prime factors of r?
2
Suppose 0*m + 22 = 2*m. List the prime factors of m.
11
Let c(h) = h + 4. Let i(k) = -k - 1. Let u be i(-3). Suppose -7*y + 35 = -u*y. List the prime factors of c(y).
11
Suppose -2*s + 4 = 0, 7*t - 2*t - 1548 = s. What are the prime factors of t?
2, 5, 31
Let f = 12 + -18. List the prime factors of 4/f - 1460/(-30).
2, 3
Suppose -4*g + 55 = 5*n, n + 59 = 3*g - 6. Suppose -2*f - 36 = -3*z, 3*z - 5*f - 65 = -g. What are the prime factors of (-4)/z + (-32)/(-5)?
2, 3
Let i(q) = -q**3 + 13*q**2 + 16*q + 8. List the prime factors of i(13).
2, 3
Let b = 9 + -3. Suppose -g = -b*g + 120. Suppose 3*x = -5*y + 20, 4*x + 24 + g = 4*y. List the prime factors of y.
7
Let d be (-13 + 13)/(0 + 1). Suppose 5*g = r + 124, d = -2*g - 2*r + 25 + 27. What are the prime factors of g?
5
Suppose 7*c - 5*c = 4. Suppose -5*m - 25 = 0, -4*b = -c*m - 72 - 62. List the prime factors of b.
31
Let w(r) = -2*r. Let p be w(-6). Suppose -g = -p - 37. Suppose a + g = 4*t, a + 38 = -3*t + 6*t. What are the prime factors of t?
11
Suppose -m + 20 = 5*c, 0*m + 12 = 3*c + 3*m. Let k be (-3)/30*c*-5. Suppose 7 = -k*t + 19. What are the prime factors of t?
2, 3
Let u(x) be the first derivative of -x**5/20 + x**4/12 + 3*x**2/2 + 2*x - 2. Let t(d) be the first derivative of u(d). What are the prime factors of t(0)?
3
Let n(p) = p**3 + 12*p**2 + 21*p + 18. List the prime factors of n(-8).
2, 53
Let a(x) = x**3 - 8*x**2 + 10*x - 6. Let f be a(6). Let r = -10 - f. What are the prime factors of r?
2
Let g = 4 - -14. What are the prime factors of g?
2, 3
Let c(x) = -x**3 + 3*x**2 - x. Let j(v) = -3*v**2 - 4*v - 4*v**3 + 11*v**2 + 0*v**2. Let l(b) = -7*c(b) + 2*j(b). What are the prime factors of l(-5)?
5
Suppose 0*b - 92 = 4*b. Let u = -11 - b. Suppose 3*r + 41 = 5*c - u, 4 = r. What are the prime factors of c?
13
Let j = 1 + -2. List the prime factors of 30/15 - 17*j.
19
Let y(z) = z**2 - 7*z + 6. Let i be y(6). Suppos